 composite number?
True
Let r(t) = 1717*t**3 + t**2 + 4*t + 1. Is r(2) composite?
True
Suppose 5*h = 5*f + 40, -h + 6 = -4*f - 2. Let s = -707 - -327. Is (s - -1)/(h/(-8)) a prime number?
True
Is (-2688)/(-3) - (-16 + 23) a composite number?
True
Let i(t) be the third derivative of -t**6/40 - t**4/8 - t**3/3 + 3*t**2. Let o be i(-1). Suppose o*q = -4*n + 144, 165 = 5*n + 3*q - q. Is n prime?
True
Suppose 3*f + 4*r - 13447 = 0, -f + 8*r = 9*r - 4482. Is f a prime number?
True
Let z(j) = 18*j**2 - 9*j - 9. Let q be z(8). Suppose y - q = 2*d, -d - 502 = -y + 574. Is y composite?
True
Let z(b) be the third derivative of b**5/15 + b**3/2 - 13*b**2. Is z(3) a prime number?
False
Suppose 6333 = 2*r + 3*s - 542, 2*r = s + 6863. Is r a prime number?
True
Suppose 3*l + 0*l + 2 = -f, -f + 4*l + 5 = 0. Suppose -g = -f, 80 = 4*q + 2*g - 254. Is q a prime number?
True
Is -35*(2064/(-30) - 3) a prime number?
False
Suppose -8*w - 276 + 3188 = 0. Let c(d) = -16*d - 3. Let b be c(-3). Suppose b + w = j. Is j a composite number?
False
Let a = 291 - -9. Suppose 0 = -7*m + 4*m + 582. Let j = a - m. Is j prime?
False
Is 35749 - 5/(10/(-8)) a composite number?
False
Let b(l) = -8 + 2*l - 8*l**2 + 5*l + 9*l**2 + 3*l. Let i be b(-11). Suppose -5*f + 3*v = -1849, -i*f + 2*v + 1107 = -v. Is f a composite number?
True
Is 9/(-6)*(-16930)/15 a prime number?
True
Let l(c) = 21*c**3 + 10*c**2 - c - 17. Is l(6) composite?
True
Let r = 4 - 5. Let d(t) = -1100*t**3 + t**2 + 13. Let o(j) = 275*j**3 - 3. Let v(p) = -2*d(p) - 9*o(p). Is v(r) prime?
False
Let z be (-5)/(75/6) + 51/15. Let o(q) be the third derivative of q**6/24 + q**5/20 + q**4/12 - q**3/3 + 2*q**2. Is o(z) composite?
True
Suppose 883 = 3*z - 5*s, 0 = z - 5*s - 144 - 157. Let t = 656 - z. Suppose 3*c - t = 16. Is c prime?
True
Let l(t) = 51*t**2 - t. Let u be l(5). Suppose -14*m + u = -12*m. Is m a prime number?
False
Suppose 6*p = 3*p + i + 2136, 2130 = 3*p - 3*i. Suppose 0 = -5*m - h + p, h - 470 - 100 = -4*m. Suppose 6*x + 11 = m. Is x prime?
False
Suppose 0 = 9*r - 11*r - 12. Let t be 7/(-21) - 4670/r. Suppose t = 5*z - 27. Is z a composite number?
True
Suppose 2*i = -2*p + 16, -26 = i - 4*i - p. Suppose 2*h = -h + i. Suppose -h*g + 4*l = -0*l - 561, 2*g - 3*l - 373 = 0. Is g a prime number?
True
Suppose -6*x = -3*x - 2046. Suppose -g + 3*g = -x. Let v = 480 + g. Is v composite?
False
Let g(r) = -r + 4. Let b be g(5). Is (b + 0)/(15/(-3945)) composite?
False
Suppose -2 = 2*s + 5*n + 14, 0 = -2*s - 4*n - 16. Is 2*(0 - 2620/s) prime?
False
Let c = -70 + 81. Let h(y) = y**3 - 7*y**2 + 15*y - 18. Is h(c) a composite number?
False
Let c = -16531 + 29624. Is c composite?
False
Suppose 3*m + 4*u = 238, 137 = 2*m - 4*u - 15. Is -4 + m/(-4)*-14 a prime number?
True
Let h = 6796 - -307. Is h a composite number?
False
Let t(w) = -2430*w - 431. Is t(-9) prime?
False
Suppose 2*h + 3*h + 4*v - 71019 = 0, -5*h - 5*v + 71015 = 0. Is h composite?
False
Let q = 27 + -19. Suppose 0 = -q*w + 12*w - 596. Is w a prime number?
True
Is (-2 - 14/(-4))/(6/3628) prime?
True
Let x(b) = -115*b**3 + 10*b**2 - 10*b - 26. Is x(-7) a composite number?
False
Let j = 1866 + -3861. Let n = -1028 - j. Is n a composite number?
False
Let p = -1672 - -2413. Suppose -74 - 74 = -x - t, -5*x = 4*t - p. Is x a composite number?
False
Suppose 3*z + 2*z + 45 = -5*v, 4*z + 9 = 5*v. Is 1 + (z - -1) - -2495 prime?
False
Suppose -4*d = d + 2*r + 3644, 3*r = 9. Let n = d + 370. Let a = n - -539. Is a composite?
False
Is 494822/(-31)*(-2)/4 composite?
True
Is (-12)/(24/(-10)) + (-2328)/(-1) composite?
False
Suppose -35551 = -2*p - 3*q, 2*p + 25*q - 23*q - 35550 = 0. Is p composite?
True
Let q(b) = 499*b**2 + 3*b + 1. Suppose -10 = z + 4*z. Is q(z) a prime number?
False
Suppose -2*a - 2938 = -2*g + 12726, -5*g = 5*a - 39130. Is g a composite number?
False
Let z be -24 - (-3 + 0/1). Let w be (-49)/(-4) + z/(-28). Let o = w + -4. Is o a composite number?
True
Suppose 4*f - 3*g - 639 = -4046, -4258 = 5*f - 3*g. Let p = -1187 + f. Let b = p + 3087. Is b prime?
True
Let h(p) = -p**3 + 15*p**2 - 2. Let z be h(15). Is (-4)/(-8)*z/(-1)*1277 composite?
False
Suppose 12 = -5*b - 4*m, 4*b + 3*m + 3 = 2*m. Suppose b = 3*c - 4391 - 2470. Is c prime?
True
Suppose s = 5*z + 2638, s = 3*s + z - 5276. Is s prime?
False
Let i(w) = -28*w - 131. Is i(-30) prime?
True
Let o(d) be the first derivative of 2*d**2 - 1/3*d**3 + d**4 - 3*d + 8. Is o(2) composite?
True
Suppose -3*r = -r + 5*v - 2648, r - 2*v = 1315. Is r composite?
False
Suppose -5*i + 2*i + 27 = a, -5*a = -15. Let y = i + 103. Is y prime?
False
Let b be (6/(-5))/((-3)/45). Suppose b = g - y, 5*g = -y - 0*y + 66. Is g a composite number?
True
Suppose 3*b - 4 = -u, -3*b + 5*u - 10 = 10. Suppose b = -7*j + 1974 + 5243. Is j a composite number?
False
Let j(k) = -k**2 + k + 623. Let q be j(0). Let h = q + 230. Is h a prime number?
True
Suppose -2*q = -2 + 16. Let n = q + -4. Let y = 30 + n. Is y a prime number?
True
Is ((-20)/(-3))/5 + (-56021)/(-21) composite?
True
Let f(p) = 7*p - 50. Suppose -4*i + 10*i = 126. Is f(i) a prime number?
True
Let f = 340 + -513. Let b = 39 - 133. Let c = b - f. Is c a composite number?
False
Let s be -8*(3 - 6)*4. Suppose s = -z - 83. Let b = z + 337. Is b composite?
True
Let r(i) = 325*i - 8. Let p be r(4). Suppose p = 4*h - 2544. Is h composite?
True
Is (6538/(-8))/(3/(-12)) a prime number?
False
Let z = 3888 + -1527. Is z a composite number?
True
Suppose 75 = 3*t + 15. Suppose -n + 2*n - t = 0. Suppose 2*g = 118 + n. Is g composite?
True
Let q = -1 - 1. Is (-2)/q + (549 - 9) a composite number?
False
Suppose -4*v = -v + 3. Let i(u) = -72*u + 2. Let j(y) = -73*y + 1. Let c(a) = -2*i(a) + 3*j(a). Is c(v) composite?
True
Let x be (0 + -4)/(2/8). Let v be (-12)/x - (-9)/(-12). Is -3 - (-44)/(2 + v) composite?
False
Let b(a) = 230*a**2 + 14*a - 33. Is b(6) a prime number?
False
Let w be (-601 - -4)*1*1/(-3). Suppose 8*m = 5855 - w. Is m prime?
False
Suppose 53*p - 44*p - 42381 = 0. Is p a composite number?
True
Let r = 2276 - 1347. Is r prime?
True
Suppose 0 = 5*w - s - 48000, 4299 = w - 2*s - 5292. Is w a composite number?
False
Suppose -599 = -4*y + 633. Let h = 552 - y. Let g = -155 + h. Is g a prime number?
True
Let u be -1*((-8)/16 - (-942)/4). Let k = 536 + u. Is k prime?
False
Let h be (7/(-2) + 5)*(0 - -202). Suppose -5*x + o = -740, o - h = -3*x + x. Is x composite?
False
Suppose 17*h - o = 13*h + 30482, 2*o - 30488 = -4*h. Is h a prime number?
True
Let x(y) = 63*y + 125. Is x(6) a composite number?
False
Let u(b) = b. Let k(s) = 2*s**3 + 9*s**2 - 9*s + 27. Let m(w) = k(w) + u(w). Is m(8) a composite number?
True
Suppose 9*g = 4610 + 151. Is g a composite number?
True
Let x(i) be the third derivative of 11*i**4/6 - i**3/6 + 6*i**2. Let s(n) = 89*n - 1. Let g(o) = -4*s(o) + 9*x(o). Is g(9) a composite number?
True
Suppose 5 - 10 = -f. Suppose -697 = -f*u + 4*h, 2*h = 4*u + 7*h - 574. Suppose d = -3*d - 5*n + 117, -u = -4*d + 3*n. Is d composite?
True
Suppose -2*c - 5*y = -3382, -7*c + 1691 = -6*c - 5*y. Is c composite?
True
Let d(i) = 15*i - 68. Is d(9) a prime number?
True
Let g = -2421 + 6936. Suppose -s = -5*q - 883, 8*q + g = 5*s + 3*q. Let a = s - 489. Is a a composite number?
False
Suppose 73760 = 17*l - 54743. Is l a prime number?
True
Suppose 4*d - 283 = -5*g + 2*d, -122 = -2*g - 3*d. Suppose 4*c - 2*j - 10 = 0, 2*j = -3 + 1. Let x = g + c. Is x prime?
False
Let a = -21 + 23. Let s be (97/a)/(19/(-76)). Let p = s - -525. Is p a composite number?
False
Suppose 4*z + 5 = -7. Let b be 1/1 + -4 - z. Is 1 + (b - 3)*-8 a prime number?
False
Let s(o) = -206*o**3 + 4*o**2 + 2*o + 1. Let r be s(-1). Is r - (1 + (-10)/(-5)) a composite number?
True
Let z = 3138 - -3331. Is z composite?
False
Suppose 18*o + 370 = 23*o. Is o/2 + 20 + -18 prime?
False
Let t be 1 - (78/10 + (-4)/5). Is 74/1*(-5 - 117/t) a composite number?
True
Let w = 430 - 197. Suppose h + w = 2*h. Suppose -i + h = 2*s, 0 = 4*s + 2*i - i - 463. Is s prime?
False
Let h be (-2275)/(-2)*(4 + 1 - 3). Suppose 0 = -3*b + 428 + h. Is b a composite number?
True
Let d(c) = -2*c - 12. Let v be d(-9). Suppose 2*g - v*g = -332. Is g a prime number?
True
Suppose 22 - 27 = 5*g, 2*u - 497 = -5*g. Is u a composite number?
False
Let v(j) 